2 + 431*x - 84. Calculate the remainder when o(-5) is divided by (-3)/9 + d/3.
1
Let k(a) = 5 + 48*a - 50*a + 2*a**2 - 3. Let g be k(2). Calculate the remainder when 46 is divided by g/(-18)*10*30/(-4).
21
Let p = 10197 - 9666. What is the remainder when p is divided by 243?
45
Let y = 221 - 142. Let w = -278 - -290. Calculate the remainder when y is divided by w.
7
Suppose -3*t - 12 + 62 = 2*q, -1 = q - 5*t. What is the remainder when 930 is divided by q?
18
Let c = 47 - 35. Suppose -77*b = -74*b + c. Calculate the remainder when 31 is divided by 13 + (-5 - b/4*3).
9
Let x = 26 - 22. Let b be ((-90)/x)/(-5)*6/9. Suppose -a - 3*a = b*q - 27, 5*a - 36 = -3*q. Calculate the remainder when 35 is divided by a.
8
Suppose -25*t + 8 = -17*t. Calculate the remainder when (-2)/((-125)/115 + t) is divided by ((-54)/24)/((-3)/16).
11
Suppose -15*z = -5*z - 400. Suppose -z = -3*n + 26. What is the remainder when 173 is divided by n?
19
Let o be (4/(-4))/((-9)/(-5) + -2). Suppose -5*q = -3*x + 492, 0 = -o*q - 0*q + 15. Calculate the remainder when x is divided by 43.
40
Let j = 45 + -40. Suppose 5*i = 4*u - 24, j*u - 2*i = -0*i + 30. What is the remainder when 20 is divided by (u/(-14)*8)/(4/(-14))?
8
Let f(p) = -9*p + 141. What is the remainder when 333 is divided by f(12)?
3
Calculate the remainder when 105 is divided by ((-26)/(-6) + -5)*-120 + 3.
22
Let c be 6/5*160/(-24). Let w(k) = -8*k - 23. Let i be w(-5). Let q = c + i. What is the remainder when 15 is divided by q?
6
Let j be ((-2)/3)/(((-16)/516)/(-4)). Suppose -4*f + 5*i + 91 = 242, 5*i = 3*f + 107. Let x = f - j. What is the remainder when x is divided by 15?
12
Let p = 1828 + -1761. Calculate the remainder when 256 is divided by p.
55
Let g(m) = m**3 - 22*m**2 + 88*m - 42. What is the remainder when g(17) is divided by 7?
2
Let c = 7399 - 7388. Calculate the remainder when 944 is divided by c.
9
Let d be (-348)/9*6/2. Let w = -74 - d. Let l(m) = m**3 + 11*m**2 + 14*m - 14. What is the remainder when w is divided by l(-9)?
20
Let u(n) = 0*n + 4*n + 15*n**3 - 6*n + 2 + n**2. Let d(f) = f**3 + 7*f**2 + 2*f + 6. What is the remainder when d(-5) is divided by u(1)?
14
What is the remainder when 268 is divided by (-39)/26*((-5)/2 - (-595)/(-10))?
82
Let s = -1442 - -1568. Calculate the remainder when 222 is divided by s.
96
Let p = 189 - 192. Let h(u) = 9*u**2 - 3*u - 18. What is the remainder when h(p) is divided by 15?
12
Let b = -22 + -6. Let w = b - -33. Suppose -w*n = -3*n - 46. What is the remainder when 68 is divided by n?
22
Let a = 17631 + -8114. Calculate the remainder when a is divided by 119.
116
Let r(m) = 4*m + 8*m**3 + 17 + 0*m**2 + 0*m - 7*m**3 + 7*m**2. Let b be r(-8). Let j = b - -138. What is the remainder when j is divided by 16?
11
Suppose 6*c + 3*c = 54. Suppose -c*p + 1702 - 166 = 0. Suppose 3*v + z = p, -z + 4 = 3*z. What is the remainder when v is divided by 44?
41
Suppose -5*b - 2*l = -7*l - 50, -50 = -3*b - 2*l. Let n(x) be the first derivative of 17*x**2/2 - 49*x - 11. Calculate the remainder when n(6) is divided by b.
11
Let l = 20475 - 19715. Calculate the remainder when l is divided by 55.
45
Let g = 43 + -1. Suppose 34*y + 2550 = 59*y. What is the remainder when y is divided by g?
18
Let i = 8537 - 8505. What is the remainder when 173 is divided by i?
13
Let s = 8 + 31. Let r(q) = -q**3 + 15*q**2 - 9*q + 36. Let k be r(15). What is the remainder when s is divided by k/(-5) - -5*(-2)/(-50)?
19
Let d(r) = 67*r**3 - r + 1. Let v be d(1). Let t = v + 95. Calculate the remainder when t is divided by 57.
48
Let z(f) = -30*f + 1. Let l be (-4)/(-14)*(-35)/(-10). Let y be z(l). Calculate the remainder when (y/6)/((-5)/30) is divided by 6.
5
Suppose -3*r + 19*r - 240 = 0. Let h(c) = -5*c**3 - 12*c**2 + 4*c + 22. Calculate the remainder when h(-5) is divided by r.
12
Let k be 14/35 + 2454/(-10). Let z = -142 - k. Suppose -16 = -2*x - 5*a, -25*x + 28*x - 37 = -a. Calculate the remainder when z is divided by x.
12
Suppose -61*g + 147 = -11 - 147. Calculate the remainder when 31 is divided by g.
1
Let f(x) = -x**2 + 22*x + 98. Let r(d) = -2*d**2 + 23*d - 3. Calculate the remainder when f(25) is divided by r(11).
7
Let t(g) = g**2 - 15*g - 585. What is the remainder when 421 is divided by t(-18)?
7
Suppose -81*b + 4935 = 237. Let o = -1 - -1. Suppose 48 = -o*s + 3*s. Calculate the remainder when b is divided by s.
10
Calculate the remainder when 229075/140 - (-60)/16 is divided by 82.
0
Let g = 18 - 7. What is the remainder when (-10*8/(-20))/(-10 + (-7718)/(-765)) is divided by g?
1
Suppose -113*v + 2*l = -108*v - 8299, -v + 2*l = -1663. Calculate the remainder when v is divided by 15.
9
Suppose -1423*f = -1433*f + 3660. Calculate the remainder when f is divided by 53.
48
Suppose 3*k + 3*m + 108 = 0, k - 4*m = -2*m - 45. Let d = k - -43. Suppose 0 = d*s - 5*s + 16. What is the remainder when 44 is divided by s?
12
Let r be 14/35 + (-23)/(-5) + -119. Let j = r + 124. Calculate the remainder when 26 is divided by j.
6
Suppose 54*y + 31*y = 5*y + 2560. Calculate the remainder when 12445 is divided by y.
29
Suppose -34 = 3*y - 4*y. Let v = -29 - -119. Let j = v + -85. Calculate the remainder when y is divided by j.
4
Let u be ((-12)/(-14))/((-6)/(-168)). What is the remainder when 698 is divided by (u - -19) + 7*1?
48
Let d(k) = -k**3 - 9*k**2 - 2*k - 17. Let a be d(-9). Calculate the remainder when (1368/(-18))/(a*3/(-6)) is divided by 22.
20
Suppose -80 = -z - 3*m, 4*m = 2*z + 2*z - 256. Let y(j) = j**3 - 6*j**2 - 28*j + 115. What is the remainder when z is divided by y(8)?
11
Suppose 30*z = -28*z + 4938 + 50. Let b = -17 + 39. Calculate the remainder when z is divided by b.
20
Suppose -4*f + 124 = -2*f. Let q be 0 - (-3 - (-24)/2). What is the remainder when f is divided by (q + 57)*(2/3 + 0)?
30
Let q(z) = z**2 - z - 10. Let t be q(8). Suppose -7*u - 1848 = -29*u. Let n = u - t. What is the remainder when n is divided by 14?
10
Let b(t) = t**2 - t - 4. Let m be b(-3). Let p = 10563 - 10568. Let j = m - p. Calculate the remainder when 51 is divided by j.
12
Suppose -m + 83 = v, 0 = 19*v + 20*m - 22*m - 1451. Calculate the remainder when v is divided by (-6 - -5)/(1/(-20)).
17
Let d(w) = w**3 - 11*w**2 + 26*w - 13. Let b be d(8). Let y(r) = -r**3 + 5*r**2 + 6*r - 24. What is the remainder when y(b) is divided by 1?
0
Suppose d = 3*g + 203, 4*d - 4*g - 995 + 223 = 0. What is the remainder when 583 is divided by d?
19
Let h(b) = -622*b + 3117. Let k(x) = -x**3 + 3*x**2 + 3. Let o be k(3). Calculate the remainder when (o*-1)/((-3)/27) is divided by h(5).
6
Let y be 23/69 + (-1680)/(-9). Let d = y - 161. Calculate the remainder when 81 is divided by d.
3
Let d(j) = -31*j + 22. Let o be d(-10). Let g = o + -298. What is the remainder when g is divided by 3?
1
Let s(d) = -d**3 + 15*d**2 + 17*d - 13. Let w be s(16). Suppose -199 = w*h + 212. Let x = -68 - h. Calculate the remainder when x is divided by 12.
9
Suppose 15*i = 20*i - 4*g - 11891, g - 11871 = -5*i. Calculate the remainder when i is divided by 85.
80
Let c = -7093 - -8603. Calculate the remainder when c is divided by 502.
4
Suppose 30*f = 3*f - 20790. Let m = f + 772. What is the remainder when 11 is divided by m?
1
Suppose -2*h - 8*h = -202 - 238. What is the remainder when 83 is divided by h?
39
Let p = 20637 + -20598. What is the remainder when 206 is divided by p?
11
Let f(h) = h**3 + 8*h**2 + 5*h - 10. Let a(o) = -5*o + 1 + 17 + 6 + 2. What is the remainder when a(3) is divided by f(-7)?
3
Let w be (-4)/(-6)*(-78)/52. Let n be 5/w*32/(-40) + -4. Suppose 9*o - 74 + 20 = n. What is the remainder when 6 is divided by o?
0
Let h(u) = u**2 - 36*u - 81. Let v be h(27). Let j = 370 + v. What is the remainder when 183 is divided by j?
45
Let u = -56 - -58. Let m be 77 - (-10)/u - (1 - 1). Let r = 99 - m. What is the remainder when 82 is divided by r?
14
Calculate the remainder when 7290 is divided by ((-10 - 47)/(-1))/3 - 5.
10
Let p = -1596 + 1629. Calculate the remainder when 454 is divided by p.
25
Suppose -2*y - 3*q = -5*q - 38, 2*y - 30 = -2*q. Calculate the remainder when 631 is divided by y.
2
Let t = -16369 + 16396. What is the remainder when 772 is divided by t?
16
Suppose -8*n = 8 - 40. What is the remainder when 24